11001001001110110
Convert 54344111 (base 6) to base 12.
65b037
What is -96771 (base 14) in base 6?
-11443411
12340531 (base 6) to base 10
401959
What is -1530331 (base 8) in base 5?
-103012424
Convert 11101001010 (base 3) to base 8.
250044
What is -1013432000 (base 5) in base 3?
-10221022201021
11052175 (base 9) to base 11
3023716
Convert 1212111113 (base 4) to base 10.
419159
Convert -187005 (base 16) to base 11.
-9a4297
1643727 (base 12) to base 14
86cabd
-db1459 (base 15) to base 4
-213303021111
Convert 22020200222 (base 3) to base 7.
1244216
-76507 (base 14) to base 10
-286363
Convert 2b970 (base 13) to base 2.
10100001111010101
Convert -15040336 (base 7) to base 11.
-891053
What is 2be49 (base 15) in base 7?
1126545
-1106426 (base 7) to base 3
-20221120002
-97ba2 (base 16) to base 4
-2113232202
Convert -36242524 (base 7) to base 13.
-889c45
Convert 11330120 (base 5) to base 14.
2a3c7
What is -115140340 (base 6) in base 13?
-5c30a6
What is -f683e (base 16) in base 5?
-224302401
101212121000100 (base 3) to base 14
aa5d8c
Convert 20535444 (base 7) to base 10.
1740267
What is -14a613 (base 11) in base 10?
-233665
Convert -1002012222000100 (base 3) to base 9.
-32188010
3514031 (base 7) to base 4
1223213021
What is -4319 (base 15) in base 3?
-201110220
Convert -76ae9e (base 15) to base 12.
-1a89488
-144200300 (base 5) to base 10
-771950
-5cc154 (base 16) to base 3
-102102211112220
What is -342569 (base 10) in base 13?
-bcc06
Convert -297c6 (base 15) to base 7.
-1063611
8411305 (base 9) to base 8
21113636
What is -2a77b8b (base 13) in base 5?
-11434140303
Convert -149dfe (base 16) to base 8.
-5116776
Convert -1111101011110000010 (base 2) to base 9.
-862864
Convert -11211757 (base 8) to base 16.
-2513ef
Convert -231322232 (base 4) to base 13.
-677b7
212021302 (base 4) to base 3
21221100221
What is 4107a (base 13) in base 6?
2255314
What is -267165 (base 10) in base 8?
-1011635
What is 11110010010001001 (base 2) in base 11?
85215
What is 21c9c5 (base 13) in base 8?
3030731
cc1682 (base 15) to base 7
145442216
What is -7371831 (base 10) in base 5?
-3341344311
Convert -11111111101000010 (base 2) to base 3.
-20122112111
Convert 11001100001001011101 (base 2) to base 7.
10051604
What is 1512220 (base 8) in base 11?
275004
What is 104656310 (base 7) in base 12?
2163048
Convert 20010121210212 (base 3) to base 6.
153512205
d82f67 (base 16) to base 11
7aa761a
Convert -9492401 (base 10) to base 16.
-90d7b1
Convert 894aa (base 12) to base 4.
230132002
Convert -94498 (base 11) to base 3.
-20222212102
Convert -2797950 (base 10) to base 2.
-1010101011000101111110
What is -111100111010111010110 (base 2) in base 15?
-296731
4163658 (base 9) to base 12
8b4875
-1edf4a (base 16) to base 6
-111210510
What is 1d2e31 (base 16) in base 2?
111010010111000110001
What is 2442321002 (base 5) in base 14?
ab8268
What is -2002321 (base 6) in base 8?
-267251
What is 10200420 (base 5) in base 15?
1a075
81d954 (base 14) to base 11
2520711
Convert 169898 (base 10) to base 8.
513652
-14213002 (base 5) to base 12
-716b1
258978 (base 13) to base 15
12d05c
What is -21131401 (base 5) in base 14?
-48781
Convert -1012121222112 (base 3) to base 10.
-642236
Convert 5a98 (base 16) to base 14.
8648
Convert -343202214 (base 5) to base 12.
-621b29
What is -533644 (base 8) in base 4?
-223132210
36230 (base 8) to base 7
63140
What is -1310203111 (base 5) in base 8?
-14175065
Convert 9989805 (base 10) to base 5.
10024133210
What is -1313200330 (base 5) in base 3?
-20010102212012
Convert -2254414 (base 6) to base 8.
-343212
-222414 (base 5) to base 14
-2c15
What is 205243 (base 9) in base 4?
131301120
Convert -1020020201001 (base 3) to base 10.
-654427
72a725 (base 11) to base 7
12644323
-36d32 (base 15) to base 3
-22220012002
ada1cc (base 15) to base 12
29371b6
What is 1c8040 (base 13) in base 11?
45a77a
-40e523 (base 16) to base 10
-4252963
Convert 1242502 (base 7) to base 11.
100621
Convert 12821522 (base 9) to base 8.
30120147
What is 601aa (base 13) in base 15?
35d00
What is -11110110100 (base 3) in base 4?
-111130011
-24235055 (base 6) to base 10
-767051
167056 (base 8) to base 14
18314
What is 1396647 (base 10) in base 9?
2557750
Convert -5980 (base 16) to base 6.
-254024
Convert -14993a (base 12) to base 7.
-2651350
Convert 55577 (base 11) to base 2.
10011101010100101
What is 132546 (base 11) in base 6?
4244151
113d94b (base 14) to base 15
ac58c6
51d80 (base 14) to base 6
4122140
What is 23542326 (base 7) in base 16?
1ff5bd
What is 16024050 (base 8) in base 11?
2094074
142205 (base 7) to base 12
138a8
What is -1475432 (base 8) in base 2?
-1100111101100011010
Convert 14036100 (base 7) to base 14.
25d037
What is 831166 (base 10) in base 16?
caebe
2ec43 (base 16) to base 15
3bb55
Convert 2179097 (base 10) to base 4.
20110000121
What is 113360 (base 11) in base 3?
100011001220
What is 100102012221 (base 3) in base 9?
312187
Convert -1114422 (base 6) to base 15.
-11c35
Convert 4dde (base 16) to base 8.
46736
Convert -a97a (base 12) to base 3.
-221121111
What is -22231131 (base 4) in base 7?
-241620
-45242 (base 14) to base 15
-34ade
Convert c5811 (base 15) to base 4.
2120320033
What is -120103 (base 10) in base 8?
-352447
What is 67366 (base 9) in base 7?
244350
What is -134226 (base 7) in base 2?
-110001110011100
232511 (base 6) to base 7
112324
What is -1245044 (base 8) in base 3?
-122121112021
-10001101110101 (base 2) to base 14
-3445
What is -45ed2 (base 15) in base 4?
-312120002
What is -40010034 (base 5) in base 9?
-526487
What is -c92569 (base 13) in base 14?
-8ab4c3
Convert -53135425 (base 6) to base 14.
-2c5b29
What is -21100010001100 (base 3) in base 6?
-215325013
What is -14cafc (base 16) in base 11?
-850894
Convert 5b86a (base 12) to base 6.
2353414
What is 36254c (base 14) in base 13?
4ca396
Convert -112135542 (base 7) to base 9.
-13788843
81824 (base 11) to base 16
1d29d
Convert 1132322001 (base 4) to base 14.
a194d
3171346 (base 8) to base 6
30104434
What is 1875407 (base 9) in base 11?
65a762
What is -102552323 (base 6) in base 12?
-7386a3
What is 194a820 (base 13) in base 9?
16558661
What is ad511 (base 15) in base 3?
1001000012021
What is -201202033 (base 4) in base 11?
-94222
-3a3038 (base 12) to base 3
-1210201121122
Convert -7213655 (base 8) to base 9.
-3525330
-140530003 (base 7) to base 9
-18185654
Convert -5623642 (base 7) to base 5.
-134221432
1300535 (base 6) to base 10
70187
233202013 (base 4) to base 7
1440424
-10e9eb (base 15) to base 8
-3053647
-1000110110011100110 (base 2) to base 11
-188997
-121355 (base 6) to base 12
-625b
2145322 (base 7) to base 9
441514
Convert 5d1de5 (base 16) to base 14.
b4bd2d
What is -a11365 (base 11) in base 14?
-304c84
Convert 19baab (base 14) to base 13.
260b40
What is -101400442 (base 7) in base 3?
-102012021201211
What is 2201120002110 (base 3) in base 14?
299908
11221734 (base 8) to base 7
26455150
What is 65148 (base 11) in base 6?
2010150
What is 52068 (base 12) in base 15?
21b7b
-204325532 (base 6) to base 3
-20201112022102
Convert 20515bb (base 12) to base 14.
b4315d
What is -43663641 (base 8) in base 3?
-122200110212122
What is 13596a3 (base 13) in base 7?
102613060
What is -222465553 (base 7) in base 9?
-27348451
What is 153351214 (base 6) in base 3?
20010002022001
-33110123 (base 5) to base 11
-185176
What is fdb09 (base 16) in base 12?
421409
-304491 (base 10) to base 14
-7cd75
Convert -2672411 (base 8) to base 7.
-6245042
Convert 64755062 (base 8) to base 14.
1bb5a70
-40252 (base 8) to base 11
-1148a
-126178 (base 9) to base 13
-28baa
What is -572155 (base 9) in base 3?
-122102011212
Convert -220032303 (base 4) to base 9.
-271036
-121225366 (base 7) to base 3
-112020120220021
What is -1001001010100000100100 (base 2) in base 14?
-4676ba
Convert -56813 (base 14) to base 16.
-334d1
-461508 (base 10) to base 14
-c028c
-200211101 (base 4) to base 12
-65295
Convert -877a588 (base 11) to base 9.
-32006220
210202220012 (base 3) to base 4
1220220200
-4406324 (base 7) to base 16
-83d8f
What is 2014101440 (base 5) in base 7?
46266203
-40450153 (base 6) to base 7
-12560223
What is -1ee5d (base 15) in base 14?
-28bc5
What is -14562221 (base 7) in base 13?
-39a2b0
What is 466127 (base 8) in base 7?
1230665
What is -1517736 (base 10)